se
Is 8354574505 composite?
True
Is 14024417119 a prime number?
False
Is 51565829129 a composite number?
False
Is 7778719 a prime number?
False
Is 152189447678 a prime number?
False
Is 226797382027 prime?
True
Is 17657085091 composite?
False
Is 104514022141 composite?
False
Is 104046018259 a prime number?
False
Is 7606066379 composite?
True
Is 513910843 a composite number?
True
Is 42424043047 prime?
False
Is 982901341 a composite number?
False
Is 1786356031 prime?
True
Is 975763079 a composite number?
False
Is 21431404903 a prime number?
True
Is 519565027 prime?
True
Is 1494993953 composite?
True
Is 1863457735 composite?
True
Is 209677879 a prime number?
True
Is 45031057 a prime number?
False
Is 25496399801 composite?
True
Is 11785299019 a prime number?
False
Is 5237980357 composite?
False
Is 2031533467 prime?
True
Is 655758626 a composite number?
True
Is 686447853263 a composite number?
False
Is 2362094347 a composite number?
False
Is 58823175293 a prime number?
True
Is 2179328927 a prime number?
True
Is 5624682367 prime?
False
Is 305471237 a composite number?
True
Is 57458094977 prime?
True
Is 7376034833 composite?
False
Is 1845552787 prime?
False
Is 1483052893 a prime number?
False
Is 199898047 prime?
True
Is 8382587729 a prime number?
False
Is 6659534993 prime?
True
Is 3342868693 prime?
True
Is 78418402969 composite?
True
Is 3023234391 a prime number?
False
Is 6489559177 a prime number?
True
Is 4400090837 a composite number?
False
Is 1002003227 a prime number?
True
Is 2506575731 prime?
False
Is 11846087083 a prime number?
False
Is 10482400861 a prime number?
True
Is 42891932719 a composite number?
False
Is 2958259901 composite?
False
Is 153817453742 a prime number?
False
Is 1677017801 a composite number?
False
Is 16493262623 prime?
False
Is 11301296857 a composite number?
True
Is 149048544943 a composite number?
True
Is 66024123911 composite?
True
Is 928594759 a composite number?
False
Is 448056419 prime?
True
Is 286651633 a composite number?
False
Is 2234014339 a composite number?
True
Is 51929301 prime?
False
Is 7398432167 composite?
True
Is 1566381233 a prime number?
False
Is 561700577 a composite number?
False
Is 495594409 prime?
False
Is 33906171203 a prime number?
False
Is 6663887047 a composite number?
False
Is 392484129 a prime number?
False
Is 128920177 a composite number?
False
Is 25767545333 a composite number?
True
Is 3675073859 a prime number?
True
Is 8444329507 a prime number?
True
Is 61542933701 composite?
True
Is 1296599 a composite number?
True
Is 14129071181 a composite number?
False
Is 3476502319 a composite number?
False
Is 567841427 a prime number?
True
Is 1789839059 a prime number?
True
Is 1128237559 prime?
False
Is 6622613627 composite?
True
Is 3379819459 a composite number?
True
Is 972073847 prime?
True
Is 280343663 a prime number?
True
Is 495301693 a composite number?
True
Is 12273837131 a prime number?
True
Is 901983053 a composite number?
True
Is 10431625301 a prime number?
False
Is 1534048063 composite?
True
Is 48831793 a composite number?
True
Is 49202541293 prime?
True
Is 1521257599 a composite number?
False
Is 208386502013 a prime number?
False
Is 4160835109 composite?
False
Is 2871022393 composite?
True
Is 3361962889 a composite number?
False
Is 81093364021 a prime number?
True
Is 6006552163 a prime number?
True
Is 52789138197 a prime number?
False
Is 122781564707 a composite number?
False
Is 16360339529 prime?
True
Is 3020585999 composite?
False
Is 46797365353 a composite number?
True
Is 338841821 a prime number?
True
Is 78226455871 composite?
False
Is 11472592291 a composite number?
True
Is 5633017846 composite?
True
Is 30813025541 a prime number?
True
Is 2342988451 prime?
True
Is 265584461 prime?
False
Is 94349291 prime?
True
Is 2848483555 a prime number?
False
Is 25006471747 composite?
False
Is 178025973 prime?
False
Is 14959173169 composite?
False
Is 554344771 prime?
False
Is 8797665077 a composite number?
True
Is 5639578586 composite?
True
Is 493825274479 a composite number?
False
Is 103281253 composite?
True
Is 2024670601 a prime number?
True
Is 78080722567 a composite number?
False
Is 4373922881 composite?
True
Is 2542627771 composite?
True
Is 1388202601 a composite number?
True
Is 151457673439 composite?
False
Is 29822372549 a prime number?
True
Is 157225539377 a composite number?
False
Is 551737829 a composite number?
False
Is 5156791907 a composite number?
False
Is 25128589777 prime?
False
Is 1621466107 a prime number?
False
Is 1519750993 a composite number?
False
Is 8269758577 a prime number?
True
Is 297732075163 composite?
False
Is 5845210999 a prime number?
True
Is 62670701 a prime number?
False
Is 43483969 prime?
True
Is 21917177 composite?
False
Is 22554244841 a composite number?
True
Is 43387008283 a composite number?
False
Is 85085381 a composite number?
False
Is 32366113067 prime?
True
Is 28182647023 composite?
False
Is 25736983093 a composite number?
False
Is 148806200867 prime?
True
Is 71646965011 prime?
False
Is 1462252759 composite?
True
Is 3238256837 a prime number?
True
Is 15757642319 composite?
True
Is 75087210787 prime?
True
Is 247628749 composite?
True
Is 14123073395 a prime number?
False
Is 12041000011 a composite number?
True
Is 99638797 a prime number?
False
Is 13940827907 prime?
True
Is 1643882399 composite?
False
Is 122546784669 composite?
True
Is 7096946149 a composite number?
True
Is 1996810681 prime?
False
Is 4842669989 prime?
False
Is 25984625671 a prime number?
False
Is 8112307549 composite?
True
Is 6239923427 a prime number?
True
Is 805001117 composite?
False
Is 1908869687 a composite number?
False
Is 1007702089 composite?
True
Is 8237445017 prime?
True
Is 3708797947 prime?
True
Is 50196156515 composite?
True
Is 39787813411 prime?
True
Is 223468155229 a composite number?
True
Is 439722317 composite?
False
Is 14609151211 a prime number?
False
Is 3071491723 composite?
False
Is 4910105581 a composite number?
True
Is 28562536207 a composite number?
True
Is 234347801 a composite number?
True
Is 8997387863 composite?
False
Is 10803338123 a composite number?
True
Is 390335467897 a prime number?
False
Is 23194914371 composite?
False
Is 10679866573 a composite number?
True
Is 2043943217 composite?
False
Is 8009866603 a prime number?
False
Is 6418055513 prime?
True
Is 2961219151 composite?
True
Is 432302126 a composite number?
True
Is 5106816901 a composite number?
True
Is 653201051 a composite number?
False
Is 17021017033 prime?
False
Is 7474638637 a prime number?
True
Is 566428693 a composite number?
False
Is 129322341083 composite?
True
Is 13144294043 prime?
False
Is 7882979603 a prime number?
False
Is 812278111 a prime number?
False
Is 83180585699 prime?
False
Is 6171951893 prime?
True
Is 710026393 a composite number?
True
Is 40307490971 prime?
False
Is 1715837089 a composite number?
False
Is 88921812407 composite?
False
Is 2331937813 a composite number?
True
Is 9101016494 composite?
True
Is 3366885299 a composite number?
False
Is 6358740439 prime?
False
Is 3182326907 prime?
False
Is 626267111 composite?
False
Is 8942422399 a prime number?
False
Is 12943724041 composite?
True
Is 4352251411 prime?
True
Is 269287651 composite?
True
Is 11520001237 a prime number?
False
Is 69473669 prime?
False
Is 18516452141 composite?
True
Is 66663110477 a prime number?
False
Is 358119341 composite?
True
Is 420875473 prime?
False
Is 4766106733 composite?
True
Is 210743327 a prime number?
True
Is 55166659 a prime number?
True
Is 2038277671 a prime number?
True
Is 265728895435 a prime number?
False
Is 140359937 a composite number?
True
Is 2245670419 a prime number?
False
Is 1397042863 a composite number?
True
Is 21997820851 a composite number?
False
Is 13386343 a composite number?
False
Is 14376198541 a composite number?
False
Is 142708390567 prime?
True
Is 314505187 prime?
True
Is 4957413973 composite?
False
Is 1781119049 a composite number?
False
Is 290115041 prime?
True
Is 827619173 composite?
True
Is 25649909 composite?
False
Is 8579878939 composite?
False
Is 44972385541 a prime number?
True
Is 60124819457 a prime number?
False
Is 13835543743 a composite number?
True
Is 6565727011 a composite number?
False
Is 10301723015 composite?
True
Is 1650796729 composite?
False
Is 1098936581 a prim